o + 66 + o. Let r be v(b). Calculate the greatest common factor of 6 and r.
6
Suppose 0 = 3*r - 5*u - 295, -439 - 82 = -5*r + u. Calculate the highest common factor of 21 and r.
21
Let o(w) = w**3 - 6*w**2 + 3*w + 12. Let t be o(6). Calculate the highest common factor of t and 15.
15
Suppose 2*a - a = 4. Suppose -3*f - 196 - 196 = a*w, -4*w - 2*f = 396. Let v = -46 - w. Calculate the greatest common factor of 5 and v.
5
Suppose 5*r - 50 = -2*c, 2*r + 0*r + 9 = 5*c. Let j(v) = 13*v + 39*v + 36*v. Let x be j(1). What is the greatest common factor of r and x?
8
Suppose 2*k - 5*k = -99. Suppose 9 = -3*n, 0 = 5*q + 4*n - n - 86. Let o = k - q. Calculate the highest common divisor of o and 126.
14
Let j be (1 - -3) + 1 + 63. What is the greatest common divisor of 17 and j?
17
Let s(b) = b**3 + b**2 + 3*b. Let h be s(3). Suppose -2*a - 5*u = -55, 0 = -a - 4*a + 5*u + 155. What is the highest common divisor of h and a?
15
Let q(u) = u**2 + 2. Let i be q(-4). Suppose -5*g = -2 - i. Suppose 4*m - 72 = -g. Calculate the greatest common factor of m and 68.
17
Suppose -4*l - 41 = -461. Suppose 0 = s + 4*s - l. What is the greatest common divisor of s and 21?
21
Let g be 35 + -1 + -1 - (13 + -12). What is the greatest common divisor of 4 and g?
4
Let w(r) = 21*r - 2. Let v be w(-2). Let z = v + 100. What is the highest common divisor of z and 14?
14
Let o = -15 + 43. What is the greatest common divisor of o and 28?
28
Let p(o) = -o**3 - 3*o**2 - 3*o - 1. Let b be p(-4). What is the greatest common factor of b and 9?
9
Let g = -11 - -17. Suppose 3*q - g*q = -6. Calculate the highest common factor of q and 10.
2
Let a(z) = 5*z**3 - 2*z**2 + 3*z - 7. Let h be a(3). What is the highest common factor of 17 and h?
17
Suppose 2*v = -2*w - 2*w + 502, 4*w + v = 503. Calculate the greatest common factor of w and 21.
21
Suppose 7 = 5*v - 8. Let d = -22 + 12. Let c = v - d. Calculate the highest common divisor of c and 39.
13
Suppose -5*b + b + 264 = 0. Let m(r) = -r**2 + 12*r + 6. Let a be m(12). Calculate the highest common factor of b and a.
6
Suppose -4*z + 14 = -10. Suppose 0 = -2*o - 6 - z. Let c be o/(-9) - 80/(-6). What is the highest common divisor of c and 126?
14
Let g = 165 - 60. Let z = 22 - -21. Let i = -28 + z. Calculate the greatest common factor of g and i.
15
Let v = -5 - -21. What is the highest common factor of 80 and v?
16
Suppose 6 = 4*d - 14. Suppose 5*m + 32 = 2*o, -3*o + d*m - 17 = -70. Suppose -k + 5 = -o. What is the greatest common factor of k and 65?
13
Let s = -3 + 6. Let q = -12 + 27. Calculate the highest common factor of s and q.
3
Let k be 6/3 + 0 - -26. Suppose 0 = 2*n - 21 - 19. Suppose n = 2*a + 2*y, 5*y = -a + y + 19. Calculate the greatest common factor of k and a.
7
Let n be ((-5)/15)/((-2)/(-6)). Let o be n/(-2) + 41/2. What is the highest common divisor of 42 and o?
21
Let w(r) = r**2 - 2*r + 1. Let i be 5/(-20) + 34/8. Let x be w(i). Calculate the highest common factor of 9 and x.
9
Suppose -3*q = -5*q - 10. Let o be q/(-2*3/6). Suppose c + 2*s + 24 = 71, s = -o*c + 226. Calculate the greatest common factor of c and 9.
9
Suppose 0*l + 6 = l. Let d(y) = -8*y + 5. Let j(g) = -g - 1. Let s(t) = -d(t) - 3*j(t). Let p be s(l). Calculate the highest common factor of p and 8.
8
Let r(y) = -y**2 + 12*y - 10. Let u be r(8). Let a = u - 2. What is the greatest common divisor of a and 140?
20
Let t(l) be the third derivative of l**5/30 - 7*l**4/12 + 2*l**3/3 - l**2. Let d be t(10). What is the greatest common divisor of 8 and d?
8
Suppose 3*a - 5 - 1 = 0. Let u be a + (-3)/3*-2. Suppose -c - u*i + 4 = 0, -3*i + 4 = -4*c + 39. What is the greatest common divisor of c and 56?
8
Let n = 10 - -8. What is the highest common divisor of n and 2?
2
Suppose 0*c - 7 = -c. What is the highest common divisor of c and 35?
7
Let m be (-1 - (-3)/6)*-2. Suppose 3*y - 9 = -3. Let l = y + m. What is the greatest common factor of 24 and l?
3
Let w = 184 - 259. Let d be (-2)/6 + (-12)/(-9). Let x be (w/5)/(d/(-3)). What is the greatest common divisor of 9 and x?
9
Suppose 1 = u - 6. Let f(d) = -5*d + 2*d**3 - d**3 - 2 - 5 - 6*d**2. Let v be f(u). Calculate the greatest common factor of 49 and v.
7
Let k = 23 - 16. Suppose 3*g - k*g + 240 = 0. Calculate the highest common divisor of g and 24.
12
Let p(a) = a**3 - a + 5. Let l be p(0). Let c(o) = 10*o**2 + 37*o - 15. Let b be c(-5). What is the highest common factor of b and l?
5
Let q = 14 + -7. Let i be ((-5)/(-15))/(1/12). Suppose -2*v + 2*g - 7*g + 27 = 0, g = i*v + 1. What is the greatest common divisor of q and v?
1
Suppose -4*q + 3*b = -0*b - 435, 0 = -5*q - 4*b + 505. What is the greatest common factor of 15 and q?
15
Let p = 22 - 13. Let h = p - 2. Let l be 4*(-3 + 150/8). What is the greatest common divisor of l and h?
7
Let w(s) = s**3 - s**2 - s - 2. Let u be w(2). Suppose u = 4*p + p - 40. Calculate the highest common factor of 8 and p.
8
Suppose -2*p + 9 = p. Let c(s) = 3*s + 3. Let i be c(p). Calculate the highest common divisor of i and 36.
12
Let s(o) = o**2 - o + 1. Let f be s(17). Calculate the greatest common divisor of 39 and f.
39
Let n be (-6)/4*120/(-18). What is the highest common factor of n and 80?
10
Let g be (4 + -4)/(0 - -1). Let l = 0 - g. Suppose 2*x + 5*r - 219 = l, -4*x = -5*r + 18 - 471. What is the highest common factor of x and 16?
16
Suppose 4*l - 6*l + 46 = 0. Suppose 0 = -4*x + 33 + l. Let i = -39 + 74. Calculate the greatest common factor of i and x.
7
Suppose 2*d - 34 = -5*k - 2, -k - 14 = -3*d. What is the greatest common factor of d and 54?
6
Suppose 4*n = -3*k + 19 + 156, 3*n = 5*k - 340. Calculate the highest common divisor of k and 13.
13
Suppose l + 4*l = -5. Let m be 1/(-4*l/84). Calculate the greatest common divisor of 14 and m.
7
Suppose -3*d + d - 5*q + 95 = 0, 4*q - 172 = -4*d. Suppose 2*g - 17 = 3. What is the highest common factor of g and d?
10
Let w(r) = -4*r + 1. Let c be w(-6). What is the highest common divisor of 5 and c?
5
Let m be 1 - (0 + -68 - -2). Suppose -65 = -4*b + m. Let x = -23 + b. What is the greatest common divisor of x and 80?
10
Let o be 1 + 1*-2 - -1. Let u(a) = -a**2 + a + 3. Let c be u(o). Suppose 0 = 2*s - c*w - 0*w - 13, 2*w = 6. What is the highest common factor of s and 44?
11
Suppose 5*a = j + 4*j - 5, -j + 4*a = 14. What is the highest common factor of 6 and j?
6
Let t = 94 + -72. Calculate the greatest common factor of 286 and t.
22
Suppose -8*v = -14*v + 300. What is the highest common divisor of v and 125?
25
Let z(q) = -q - 23. Let h(s) = -23. Let t(o) = -3*h(o) + 4*z(o). Let j be t(-11). Calculate the highest common factor of 14 and j.
7
Let y = 144 + -45. What is the greatest common divisor of y and 11?
11
Let b = -9 - -14. Suppose -g + q = -b, 7 + 6 = g + q. What is the greatest common divisor of g and 72?
9
Let u = -7 + 7. Suppose u*k - 15 = 3*k. Let l be (-3)/6*(k + 1). What is the greatest common divisor of l and 22?
2
Let u(c) = 3*c - 1. Let d be u(3). Let v(m) = m**3 + 3*m**2 - 3*m + 2. Let j be v(2). Suppose -5*n + n + j = 0. What is the highest common factor of n and d?
4
Let z(c) = c**3 + 8*c**2 + 8*c - 6. Let y be z(-6). Let j be 292/y - 4/18. Suppose -2*r = -6*r + j. Calculate the highest common divisor of r and 44.
4
Let q = -122 - -218. Let h(s) = s**2. Suppose 4*k - 16 = -t, 4*t = 3*k - k - 26. Let d be h(t). What is the highest common factor of d and q?
16
Let a be -3 - (-102)/5 - 16/40. Let z(i) = -37*i + 2. Let m be z(-5). What is the greatest common factor of m and a?
17
Let t be (-3)/(-6) + (-58)/(-4). Let b = t + -11. Calculate the highest common divisor of b and 4.
4
Let v be (4 + 7/(-4))*48 - 4. Suppose -4*h - 2 = 34. Let i = 4 - h. What is the highest common divisor of v and i?
13
Suppose -5*z = 2*b - 66, 2*z - 39 = -3*b - 2*b. Calculate the highest common divisor of 36 and z.
12
Suppose -231*u = -229*u - 108. Calculate the greatest common divisor of 18 and u.
18
Let u = 6 + 12. Suppose 0 = -5*r + 5, 2*m - 4*r = -2*m + 4. Let b be m*23 - (7 - 6). Calculate the highest common divisor of u and b.
9
Suppose o + 2*r + 372 = 0, -4*r = -o - r - 352. Let d = o + 680. Suppose 2*y + 3*u - 304 = 5*u, -4*u + d = 2*y. What is the greatest common factor of 14 and y?
14
Suppose 14 = 4*i - 6. Suppose -24 = 